+ 3*r. What is the hundreds digit of m?
4
Let b(h) = 2*h - 1. Let o be b(-1). Let m(d) = -d**3 - d**2 - 4*d - 4. What is the units digit of m(o)?
6
Let i(n) = -4*n**3 + 6*n**2 + n + 7. Let j(x) = 2*x**3 - 3*x**2 - 4. Let p(w) = 3*i(w) + 5*j(w). What is the tens digit of p(-3)?
7
Let o be 0 + (3 - 3) + 20. Let i(k) = -k - 4. Let r be i(2). What is the tens digit of o*(-8)/60*r?
1
Let o be (4 - (-10)/25)*10. Let h = 76 - o. Suppose -4*w + h = 4*t, 0*t - 4*w + 11 = -3*t. What is the units digit of t?
3
Let f = -773 + 1096. What is the tens digit of f?
2
What is the tens digit of (-947*(-3 + 4))/(2/(-2))?
4
Let p(j) = 2*j**2 - j - 1. Let l be p(-2). Let d(b) = b**2 - 8*b - 9. Let f be d(l). Suppose f = -i + 5*i - 36. What is the units digit of i?
9
Let z = -37 + 16. What is the units digit of z/2*(-48)/36?
4
Let a(q) = 18*q - 8. Suppose -2*v - 65 = -5*t, -5*t - 3*v = 2*v - 30. Let f(g) = -6*g + 3. Let w(y) = t*f(y) + 4*a(y). What is the tens digit of w(3)?
1
Suppose 5*h + z = 30 - 3, -21 = -2*h + 3*z. Suppose h = -2*a + 4. What is the tens digit of a/(-1) + 26/2?
1
Let o = 44 + -39. Suppose -3*a - 387 = -3*d, -5*a + 355 = o*d - 2*d. What is the units digit of d?
5
What is the tens digit of ((-20)/(-7))/((-7)/(-3283))?
4
Suppose -5*l + 838 - 85 = 2*g, -5*g = -5*l - 1970. Suppose -128 = -f + 2*u, 3*f = u - 0*u + g. What is the hundreds digit of f?
1
Suppose -2*r + 1815 = -5*b, -48*b + 45*b = 3. What is the hundreds digit of r?
9
Let r(q) = 793*q**2 - 3*q - 2. What is the hundreds digit of r(-1)?
7
Suppose -3*a - 5*y = 2*a - 7960, 5*y - 6366 = -4*a. What is the units digit of a?
4
Suppose 5*f + 5 = 15. Suppose 261 = f*h + h. Suppose 5*r - 2*r = h. What is the units digit of r?
9
Let s = 690 - 34. What is the hundreds digit of s?
6
Let a = 51 + -93. Let j = a - -108. What is the tens digit of j?
6
What is the tens digit of 4/(-14) + ((-9216)/(-63) - -5)?
5
Let o(r) = r**2 - 25*r + 45. Let m be o(25). Suppose -171 - m = -2*k. What is the units digit of k?
8
Suppose 0 = -d + 3 - 2. Suppose 3*x + 7 = g + 3, 0 = -2*x - g - d. Let b = 7 + x. What is the units digit of b?
6
Let p = 8402 + -3978. What is the thousands digit of p?
4
Suppose -w - 2*w = -30. Let x(f) = f**2 - 9*f. What is the tens digit of x(w)?
1
Suppose -136*z = -141*z + 710. What is the tens digit of z?
4
Let v be (7 + -2)*12/(-5). Let n(d) = d**3 + 11*d**2 - 20*d - 30. What is the tens digit of n(v)?
6
Suppose -3*a - z + 183 = z, 180 = 3*a + z. Let q = a - 52. What is the units digit of q?
7
Suppose -a = 4*z + 2 - 8, 0 = 4*z - 4*a + 4. Let o be (z - 0)*(-2 - -2). Suppose 4*d - 76 = -o*d. What is the units digit of d?
9
Let n(r) = -r**2 - 18*r + 20. Let s be n(-19). Suppose -v - 5*c - 226 = -4*v, -c + s = 0. What is the units digit of v?
7
Let s(d) = -57*d - 317. What is the tens digit of s(-7)?
8
Suppose -19*d + 14*d = 2*l - 4031, -4041 = -5*d + 3*l. What is the hundreds digit of d?
8
Suppose 31*u - 35*u + 4 = 0. What is the tens digit of u*(-5)/5*14*-1?
1
Let i be 14/6 + (-1)/3. Let l = -326 - -482. Suppose -2*a = -j - 3*j + l, -2*j + i*a = -82. What is the units digit of j?
7
Let j(f) = 51*f - 135. What is the units digit of j(16)?
1
Let j(c) = 3*c**2 + 47*c + 6. Let a be -2*((-2 - -2) + 10). What is the units digit of j(a)?
6
Let r be (8 + -3)*32/5. Suppose -12 = 3*j, r = 2*o + j - 2*j. Let c = o - 11. What is the units digit of c?
3
Let n be -2 + (-6)/(-9)*87. Let c be -31 - -2*12/8. Let w = c + n. What is the units digit of w?
8
What is the thousands digit of 2*(1 + (-12)/8)*-4382?
4
Let f = 46 + -45. Let r(i) = 215*i + 1. What is the units digit of r(f)?
6
Let q = 83 + -91. What is the units digit of ((-154)/(-35))/((q/(-110))/2)?
1
Let p be 240/(-9)*(-18)/(-4). Let a be (3/4)/((-10)/p). What is the tens digit of (-3)/((54/(-20))/a)?
1
Let s(v) = -7*v**2 + 3*v - 4. Let r(i) = -i**2 - 1. Let z(w) = 6*r(w) - s(w). Let n be z(-2). Let g = 11 - n. What is the units digit of g?
3
Let g be 0 + 2 + -3 + -95. Let z = 147 + g. Let y = -28 + z. What is the units digit of y?
3
Suppose -5*w + 48 = 2*q, w - 12 = -2*w + 3*q. Suppose -w*s = 5*s - 2275. What is the units digit of s?
5
What is the units digit of ((-342)/24)/((-2)/((-168)/(-9)))?
3
Let d(v) = -v**3 - 22*v**2 - 22*v - 29. Let x be d(-21). Let n(b) = -b**3 - 5*b**2 + 11*b + 11. What is the tens digit of n(x)?
1
Suppose 7*h = -6304 + 29033. What is the thousands digit of h?
3
Let j = -14 - -19. Suppose 4*b + j*h = 64, -4*h = 5*b - 3*h - 59. What is the tens digit of b?
1
Let t(w) = 30*w - 6. Let p be (0/15)/((-1)/(-1)) + 3. What is the tens digit of t(p)?
8
Let k = -28 - -29. Let p be k/(2/4) - -4. Suppose -3*d + 31 = 4*i, 0 = -4*i - 4*d + 22 + p. What is the units digit of i?
0
Suppose 29*u = 55*u - 87100. What is the tens digit of u?
5
Suppose -5*n = 4*a + 85 - 350, a - 45 = 3*n. What is the tens digit of a?
6
Let r = 20 - 20. Let g(t) = -4*t + 85. What is the tens digit of g(r)?
8
Suppose 35 = 2*g - 5. Let f be (-9)/(-4) - 5/g. Suppose -w - 88 = -3*j - j, -5*j + f*w = -107. What is the units digit of j?
3
Let q = -102 + 231. Let o be q/(-2)*4/(-6). Suppose 4*l - 41 = o. What is the tens digit of l?
2
Let n = 22 - 25. What is the tens digit of n*(1 + -1 + -9)?
2
What is the tens digit of (501 - -8) + -1*4?
0
Let d be (-70)/(-6)*(-2 - -5). Let k = d - -30. What is the tens digit of k?
6
Let q(n) = -7*n - 5. Let m(w) = -6*w - 2 - 2*w + w**2 - 7 + 3. Let f(o) = 3*m(o) - 4*q(o). What is the tens digit of f(4)?
6
Suppose 0*l + 35 = 7*l. Suppose 4*z = l*j + 679, 4*j - 41 = -z + 155. What is the tens digit of z?
7
Suppose 1550 = 5*y + n - 6*n, y - 5*n - 290 = 0. What is the units digit of y?
5
Let a be 4*1/(-2)*-2. Let z = 6 - a. Suppose -7*s + z*s = -5. What is the units digit of s?
1
Suppose 0 = 7*h - 9*h + 242. Let l = h + -49. What is the units digit of l?
2
Suppose 0*p + 2*p = 10. Let b be 0/(p/((-5)/2)). Let j = b - -5. What is the units digit of j?
5
What is the thousands digit of (-2 + 5/2)*(1984 + 42)?
1
Suppose -2*x + 15 = 3*x + 5*l, -4 = 2*l. Suppose 0 = -5*q - 15, -3*q + 5*q + 661 = x*h. What is the tens digit of h?
3
Let b be (-1 - 0)/((-2)/6). What is the tens digit of 254/(-1 + b) + (0 - -3)?
3
Suppose v - 831 = -5*p, 1770 + 2535 = 5*v - 5*p. What is the hundreds digit of v?
8
Let m(u) = 11*u**2 + 8*u + 38. What is the tens digit of m(11)?
5
Let h(w) = -w - 6. Let a be h(-10). Suppose 3*m + 5*x - 1 = 0, -m + a*m - x = 7. Suppose 0 = j + m*j - 21. What is the units digit of j?
7
Let v(j) = 2*j + 30. Let d be v(-16). Let s = d + 15. What is the tens digit of s?
1
Suppose 58*z = 90*z - 43424. What is the tens digit of z?
5
Let f = -14 - -29. What is the units digit of 3*(-3)/(-27) - (-4675)/f?
2
Let g(f) = -25*f**3 + 2*f**2 + 2*f - 2. Let x be 28/(-16) - 4/(-2 + 18). What is the units digit of g(x)?
2
Suppose -11*y + 634 = -26. What is the tens digit of y?
6
Suppose 131902 = 20*j + 25142. What is the tens digit of j?
3
Let y be 7 - -5*8/(-20). Suppose y*f = -5*t - 120, 4*t = 2*t - 4*f - 48. Let z = 50 + t. What is the tens digit of z?
2
Suppose 4*q = -4*s + 2*s - 2, 4 = q. Let m = s - -15. Suppose 3*j - m*j = -57. What is the tens digit of j?
1
Let i = 5 + 28. Let l be (-6)/33 + 105/i. What is the units digit of (27/15)/(l/10)?
6
Let d be (0 - 5)/(-1) - -4. Suppose 2*g + 2*w = -10, -g + 4*w - w - d = 0. What is the tens digit of (g + -2)*(-10 - -6)?
3
Let n be 6/(-27) + 140/(-18). Let j = 10 + n. Suppose m + 25 = j*m. What is the units digit of m?
5
Let n be -3*(-2 - (-8)/6). Suppose 0 = -n*k + 6, -2*z - 7*k = -5*k - 230. What is the units digit of z?
2
Suppose -8*z + 300 = -5*z. Suppose 0 = 2*d - 3*b - 72, 3*b = -4*d + z + 80. What is the units digit of d?
2
Suppose 0 = 14*p + 1828 - 7610. What is the hundreds digit of p?
4
Let n(w) = 3*w - 6. Let a = 20 - 8. Suppose -12 = -3*u + a. What is the units digit of n(u)?
8
Let d be (-2)/(-1*4/8 - 0). What is the units digit of d*(4/(-22) + (-65)/(-55))?
4
Suppose 4*w - 6*w + 166 = 0. Suppose w = 5*x - 87. What is the units digit of x?
4
Let t(g) be the third derivative of g**6/120 - 7*g**5/60 - 7*g**4/24 - 4*g**3/3 - g**2. Let p be t(8). Suppose p = -5*s + 46 + 154. What is the tens digit of s?
4
Suppose 5*p + s = 7978 - 2136, 2*p - 2338 = -s. What is the thousands digit of p?
1
Le